CRAN Package Check Results for Package R2HTML

Last updated on 2020-07-02 02:09:58 CEST.

Flavor Version Tinstall Tcheck Ttotal Status Flags
r-devel-linux-x86_64-debian-clang 2.3.2 6.35 41.98 48.33 NOTE
r-devel-linux-x86_64-debian-gcc 2.3.2 5.72 31.95 37.67 NOTE
r-devel-linux-x86_64-fedora-clang 2.3.2 65.86 NOTE
r-devel-linux-x86_64-fedora-gcc 2.3.2 57.26 NOTE
r-devel-windows-ix86+x86_64 2.3.2 16.00 67.00 83.00 OK
r-patched-linux-x86_64 2.3.2 6.79 42.94 49.73 NOTE
r-patched-solaris-x86 2.3.2 77.60 NOTE
r-release-linux-x86_64 2.3.2 6.84 42.79 49.63 NOTE
r-release-osx-x86_64 2.3.2 OK
r-release-windows-ix86+x86_64 2.3.2 14.00 51.00 65.00 OK
r-oldrel-osx-x86_64 2.3.2 OK
r-oldrel-windows-ix86+x86_64 2.3.2 11.00 69.00 80.00 OK

Check Details

Version: 2.3.2
Check: for non-standard things in the check directory
Result: NOTE
    Found the following files/directories:
     'output.html'
Flavors: r-devel-linux-x86_64-debian-clang, r-devel-linux-x86_64-debian-gcc, r-devel-linux-x86_64-fedora-clang, r-devel-linux-x86_64-fedora-gcc, r-patched-linux-x86_64, r-patched-solaris-x86, r-release-linux-x86_64