CRAN Package Check Results for Package RBesT

Last updated on 2020-07-02 02:09:58 CEST.

Flavor Version Tinstall Tcheck Ttotal Status Flags
r-devel-linux-x86_64-debian-clang 1.6-1 154.15 357.35 511.50 NOTE
r-devel-linux-x86_64-debian-gcc 1.6-1 133.73 249.47 383.20 NOTE
r-devel-linux-x86_64-fedora-clang 1.6-1 613.15 NOTE
r-devel-linux-x86_64-fedora-gcc 1.6-1 619.79 NOTE
r-devel-windows-ix86+x86_64 1.6-1 360.00 435.00 795.00 NOTE
r-patched-linux-x86_64 1.6-1 119.54 342.37 461.91 NOTE
r-patched-solaris-x86 1.6-1 680.40 NOTE
r-release-linux-x86_64 1.6-1 118.31 342.36 460.67 NOTE
r-release-osx-x86_64 1.6-1 NOTE
r-release-windows-ix86+x86_64 1.6-1 19.00 6.00 25.00 ERROR
r-oldrel-osx-x86_64 1.6-1 NOTE
r-oldrel-windows-ix86+x86_64 1.6-1 319.00 541.00 860.00 NOTE

Check Details

Version: 1.6-1
Check: for GNU extensions in Makefiles
Result: NOTE
    GNU make is a SystemRequirements.
Flavors: r-devel-linux-x86_64-debian-clang, r-devel-linux-x86_64-debian-gcc, r-devel-linux-x86_64-fedora-clang, r-devel-linux-x86_64-fedora-gcc, r-devel-windows-ix86+x86_64, r-patched-linux-x86_64, r-patched-solaris-x86, r-release-linux-x86_64, r-release-osx-x86_64, r-oldrel-osx-x86_64, r-oldrel-windows-ix86+x86_64

Version: 1.6-1
Check: installed package size
Result: NOTE
     installed size is 40.2Mb
     sub-directories of 1Mb or more:
     doc 1.9Mb
     libs 37.4Mb
Flavors: r-devel-linux-x86_64-fedora-clang, r-devel-windows-ix86+x86_64, r-patched-solaris-x86, r-release-osx-x86_64, r-oldrel-osx-x86_64, r-oldrel-windows-ix86+x86_64

Version: 1.6-1
Check: whether package can be installed
Result: ERROR
    Installation failed.
Flavor: r-release-windows-ix86+x86_64