Last updated on 2020-07-02 02:09:58 CEST.
Flavor | Version | Tinstall | Tcheck | Ttotal | Status | Flags |
---|---|---|---|---|---|---|
r-devel-linux-x86_64-debian-clang | 0.5.2 | 104.37 | 54.57 | 158.94 | OK | |
r-devel-linux-x86_64-debian-gcc | 0.5.2 | 84.75 | 41.32 | 126.07 | OK | |
r-devel-linux-x86_64-fedora-clang | 0.5.2 | 256.03 | NOTE | |||
r-devel-linux-x86_64-fedora-gcc | 0.5.2 | 205.98 | OK | |||
r-devel-windows-ix86+x86_64 | 0.5.2 | 293.00 | 108.00 | 401.00 | OK | |
r-patched-linux-x86_64 | 0.5.2 | 84.42 | 53.42 | 137.84 | OK | |
r-patched-solaris-x86 | 0.5.2 | 197.60 | OK | |||
r-release-linux-x86_64 | 0.5.2 | 85.84 | 53.13 | 138.97 | OK | |
r-release-osx-x86_64 | 0.5.2 | NOTE | ||||
r-release-windows-ix86+x86_64 | 0.5.2 | 226.00 | 114.00 | 340.00 | OK | |
r-oldrel-osx-x86_64 | 0.5.2 | WARN | ||||
r-oldrel-windows-ix86+x86_64 | 0.5.2 | 261.00 | 131.00 | 392.00 | OK |
Version: 0.5.2
Check: installed package size
Result: NOTE
installed size is 13.9Mb
sub-directories of 1Mb or more:
libs 13.6Mb
Flavors: r-devel-linux-x86_64-fedora-clang, r-release-osx-x86_64, r-oldrel-osx-x86_64
Version: 0.5.2
Check: for executable files
Result: WARN
Found the following executable file:
src/vendor/clickhouse-cpp/contrib/lz4/LICENSE
Source packages should not contain undeclared executable files.
See section ‘Package structure’ in the ‘Writing R Extensions’ manual.
Flavor: r-oldrel-osx-x86_64