CRAN Package Check Results for Package RI2by2

Last updated on 2020-07-02 02:09:59 CEST.

Flavor Version Tinstall Tcheck Ttotal Status Flags
r-devel-linux-x86_64-debian-clang 1.3 20.34 31.34 51.68 OK
r-devel-linux-x86_64-debian-gcc 1.3 14.45 24.67 39.12 OK
r-devel-linux-x86_64-fedora-clang 1.3 76.21 NOTE
r-devel-linux-x86_64-fedora-gcc 1.3 63.40 NOTE
r-devel-windows-ix86+x86_64 1.3 52.00 73.00 125.00 OK
r-patched-linux-x86_64 1.3 14.96 31.62 46.58 OK
r-patched-solaris-x86 1.3 80.60 OK
r-release-linux-x86_64 1.3 15.88 31.59 47.47 OK
r-release-osx-x86_64 1.3 OK
r-release-windows-ix86+x86_64 1.3 37.00 75.00 112.00 OK
r-oldrel-osx-x86_64 1.3 OK
r-oldrel-windows-ix86+x86_64 1.3 40.00 88.00 128.00 OK

Check Details

Version: 1.3
Check: compiled code
Result: NOTE
    File ‘RI2by2/libs/RI2by2.so’:
     Found no calls to: ‘R_registerRoutines’, ‘R_useDynamicSymbols’
    
    It is good practice to register native routines and to disable symbol
    search.
    
    See ‘Writing portable packages’ in the ‘Writing R Extensions’ manual.
Flavors: r-devel-linux-x86_64-fedora-clang, r-devel-linux-x86_64-fedora-gcc