Last updated on 2020-07-02 02:09:59 CEST.
Flavor | Version | Tinstall | Tcheck | Ttotal | Status | Flags |
---|---|---|---|---|---|---|
r-devel-linux-x86_64-debian-clang | 1.2.4 | 102.67 | 111.96 | 214.63 | OK | |
r-devel-linux-x86_64-debian-gcc | 1.2.4 | 68.68 | 85.20 | 153.88 | OK | |
r-devel-linux-x86_64-fedora-clang | 1.2.4 | 270.17 | NOTE | |||
r-devel-linux-x86_64-fedora-gcc | 1.2.4 | 244.60 | OK | |||
r-devel-windows-ix86+x86_64 | 1.2.4 | 258.00 | 177.00 | 435.00 | OK | |
r-patched-linux-x86_64 | 1.2.4 | 57.07 | 105.25 | 162.32 | OK | |
r-patched-solaris-x86 | 1.2.4 | 286.10 | OK | |||
r-release-linux-x86_64 | 1.2.4 | 56.63 | 105.33 | 161.96 | OK | |
r-release-osx-x86_64 | 1.2.4 | OK | ||||
r-release-windows-ix86+x86_64 | 1.2.4 | 180.00 | 162.00 | 342.00 | OK | |
r-oldrel-osx-x86_64 | 1.2.4 | OK | ||||
r-oldrel-windows-ix86+x86_64 | 1.2.4 | 215.00 | 220.00 | 435.00 | OK |
Version: 1.2.4
Check: installed package size
Result: NOTE
installed size is 5.2Mb
sub-directories of 1Mb or more:
libs 4.4Mb
Flavor: r-devel-linux-x86_64-fedora-clang