CRAN Package Check Results for Package RNiftyReg

Last updated on 2020-07-02 02:09:59 CEST.

Flavor Version Tinstall Tcheck Ttotal Status Flags
r-devel-linux-x86_64-debian-clang 2.6.8 526.00 50.49 576.49 OK
r-devel-linux-x86_64-debian-gcc 2.6.8 398.17 42.88 441.05 OK
r-devel-linux-x86_64-fedora-clang 2.6.8 831.52 NOTE
r-devel-linux-x86_64-fedora-gcc 2.6.8 750.75 OK
r-devel-windows-ix86+x86_64 2.6.8 1299.00 107.00 1406.00 NOTE
r-patched-linux-x86_64 2.6.8 423.37 54.65 478.02 OK
r-patched-solaris-x86 2.6.8 583.80 OK
r-release-linux-x86_64 2.6.8 418.96 53.63 472.59 OK
r-release-osx-x86_64 2.6.8 NOTE
r-release-windows-ix86+x86_64 2.6.8 918.00 99.00 1017.00 NOTE
r-oldrel-osx-x86_64 2.6.8 NOTE
r-oldrel-windows-ix86+x86_64 2.6.8 963.00 133.00 1096.00 NOTE

Check Details

Version: 2.6.8
Check: installed package size
Result: NOTE
     installed size is 92.7Mb
     sub-directories of 1Mb or more:
     extdata 2.0Mb
     libs 90.5Mb
Flavors: r-devel-linux-x86_64-fedora-clang, r-devel-windows-ix86+x86_64, r-release-osx-x86_64, r-release-windows-ix86+x86_64, r-oldrel-osx-x86_64, r-oldrel-windows-ix86+x86_64