CRAN Package Check Results for Package RSpectra

Last updated on 2020-07-02 02:10:00 CEST.

Flavor Version Tinstall Tcheck Ttotal Status Flags
r-devel-linux-x86_64-debian-clang 0.16-0 183.48 64.29 247.77 OK
r-devel-linux-x86_64-debian-gcc 0.16-0 185.07 54.48 239.55 OK
r-devel-linux-x86_64-fedora-clang 0.16-0 357.33 NOTE
r-devel-linux-x86_64-fedora-gcc 0.16-0 370.72 OK
r-devel-windows-ix86+x86_64 0.16-0 408.00 120.00 528.00 OK
r-patched-linux-x86_64 0.16-0 189.84 68.18 258.02 OK
r-patched-solaris-x86 0.16-0 315.70 OK
r-release-linux-x86_64 0.16-0 184.97 68.11 253.08 OK
r-release-osx-x86_64 0.16-0 NOTE
r-release-windows-ix86+x86_64 0.16-0 292.00 119.00 411.00 OK
r-oldrel-osx-x86_64 0.16-0 NOTE
r-oldrel-windows-ix86+x86_64 0.16-0 317.00 147.00 464.00 OK

Check Details

Version: 0.16-0
Check: installed package size
Result: NOTE
     installed size is 47.2Mb
     sub-directories of 1Mb or more:
     libs 46.5Mb
Flavors: r-devel-linux-x86_64-fedora-clang, r-release-osx-x86_64, r-oldrel-osx-x86_64