CRAN Package Check Results for Package RTextTools

Last updated on 2020-07-02 02:10:00 CEST.

Flavor Version Tinstall Tcheck Ttotal Status Flags
r-devel-linux-x86_64-debian-clang 1.4.3 11.82 101.36 113.18 OK
r-devel-linux-x86_64-debian-gcc 1.4.3 9.81 80.62 90.43 OK
r-devel-linux-x86_64-fedora-clang 1.4.3 145.35 NOTE
r-devel-linux-x86_64-fedora-gcc 1.4.3 133.93 NOTE
r-devel-windows-ix86+x86_64 1.4.3 52.00 161.00 213.00 OK
r-patched-linux-x86_64 1.4.3 11.97 100.65 112.62 OK
r-patched-solaris-x86 1.4.3 214.10 OK
r-release-linux-x86_64 1.4.3 13.10 101.07 114.17 OK
r-release-osx-x86_64 1.4.3 OK
r-release-windows-ix86+x86_64 1.4.3 34.00 157.00 191.00 OK
r-oldrel-osx-x86_64 1.4.3 OK
r-oldrel-windows-ix86+x86_64 1.4.3 54.00 214.00 268.00 OK

Check Details

Version: 1.4.3
Check: compiled code
Result: NOTE
    File ‘RTextTools/libs/RTextTools.so’:
     Found no calls to: ‘R_registerRoutines’, ‘R_useDynamicSymbols’
    
    It is good practice to register native routines and to disable symbol
    search.
    
    See ‘Writing portable packages’ in the ‘Writing R Extensions’ manual.
Flavors: r-devel-linux-x86_64-fedora-clang, r-devel-linux-x86_64-fedora-gcc