Last updated on 2020-07-02 02:09:58 CEST.
Flavor | Version | Tinstall | Tcheck | Ttotal | Status | Flags |
---|---|---|---|---|---|---|
r-devel-linux-x86_64-debian-clang | 3.3.8 | 111.07 | 234.40 | 345.47 | OK | |
r-devel-linux-x86_64-debian-gcc | 3.3.8 | 87.29 | 174.06 | 261.35 | OK | |
r-devel-linux-x86_64-fedora-clang | 3.3.8 | 445.42 | NOTE | |||
r-devel-linux-x86_64-fedora-gcc | 3.3.8 | 418.58 | OK | |||
r-devel-windows-ix86+x86_64 | 3.3.8 | 282.00 | 355.00 | 637.00 | NOTE | |
r-patched-linux-x86_64 | 3.3.8 | 93.40 | 234.15 | 327.55 | OK | |
r-patched-solaris-x86 | 3.3.8 | 453.20 | OK | |||
r-release-linux-x86_64 | 3.3.8 | 96.03 | 229.27 | 325.30 | OK | |
r-release-osx-x86_64 | 3.3.8 | NOTE | ||||
r-release-windows-ix86+x86_64 | 3.3.8 | 215.00 | 345.00 | 560.00 | NOTE | |
r-oldrel-osx-x86_64 | 3.3.8 | NOTE | ||||
r-oldrel-windows-ix86+x86_64 | 3.3.8 | 271.00 | 420.00 | 691.00 | NOTE |
Version: 3.3.8
Check: installed package size
Result: NOTE
installed size is 8.2Mb
sub-directories of 1Mb or more:
R 1.6Mb
help 1.2Mb
libs 5.2Mb
Flavors: r-devel-linux-x86_64-fedora-clang, r-devel-windows-ix86+x86_64, r-release-osx-x86_64, r-release-windows-ix86+x86_64, r-oldrel-osx-x86_64, r-oldrel-windows-ix86+x86_64
Version: 3.3.8
Check: dependencies in R code
Result: NOTE
No protocol specified
No protocol specified
No protocol specified
No protocol specified
Flavor: r-oldrel-osx-x86_64