CRAN Package Check Results for Package Rarefy

Last updated on 2020-07-02 02:09:58 CEST.

Flavor Version Tinstall Tcheck Ttotal Status Flags
r-devel-linux-x86_64-debian-clang 1.0 27.91 213.18 241.09 OK
r-devel-linux-x86_64-debian-gcc 1.0 22.70 159.90 182.60 OK
r-devel-linux-x86_64-fedora-clang 1.0 309.73 OK
r-devel-linux-x86_64-fedora-gcc 1.0 294.30 OK
r-devel-windows-ix86+x86_64 1.0 93.00 212.00 305.00 OK
r-patched-linux-x86_64 1.0 25.74 204.58 230.32 OK
r-patched-solaris-x86 1.0 448.50 OK
r-release-linux-x86_64 1.0 24.76 202.59 227.35 OK
r-release-osx-x86_64 1.0 OK
r-release-windows-ix86+x86_64 1.0 60.00 208.00 268.00 OK
r-oldrel-osx-x86_64 1.0 WARN
r-oldrel-windows-ix86+x86_64 1.0 78.00 327.00 405.00 OK

Check Details

Version: 1.0
Check: whether package can be installed
Result: WARN
    Found the following significant warnings:
     Warning: 'rgl.init' failed, running with 'rgl.useNULL = TRUE'.
Flavor: r-oldrel-osx-x86_64