CRAN Package Check Results for Package RcmdrPlugin.IPSUR

Last updated on 2020-07-02 02:09:58 CEST.

Flavor Version Tinstall Tcheck Ttotal Status Flags
r-devel-linux-x86_64-debian-clang 0.2-1.1 31.95 148.59 180.54 NOTE
r-devel-linux-x86_64-debian-gcc 0.2-1.1 24.12 110.12 134.24 NOTE
r-devel-linux-x86_64-fedora-clang 0.2-1.1 232.86 NOTE
r-devel-linux-x86_64-fedora-gcc 0.2-1.1 221.86 NOTE
r-devel-windows-ix86+x86_64 0.2-1.1 86.00 167.00 253.00 NOTE
r-patched-linux-x86_64 0.2-1.1 22.12 144.97 167.09 NOTE
r-patched-solaris-x86 0.2-1.1 371.90 NOTE
r-release-linux-x86_64 0.2-1.1 20.64 145.40 166.04 NOTE
r-release-osx-x86_64 0.2-1.1 NOTE
r-release-windows-ix86+x86_64 0.2-1.1 52.00 157.00 209.00 NOTE
r-oldrel-osx-x86_64 0.2-1.1 NOTE
r-oldrel-windows-ix86+x86_64 0.2-1.1 84.00 259.00 343.00 NOTE

Check Details

Version: 0.2-1.1
Check: dependencies in R code
Result: NOTE
    'library' or 'require' calls in package code:
     'abind' 'e1071' 'qcc'
     Please use :: or requireNamespace() instead.
     See section 'Suggested packages' in the 'Writing R Extensions' manual.
Flavors: r-devel-linux-x86_64-debian-clang, r-devel-linux-x86_64-debian-gcc, r-devel-linux-x86_64-fedora-clang, r-devel-linux-x86_64-fedora-gcc, r-devel-windows-ix86+x86_64, r-patched-linux-x86_64, r-patched-solaris-x86, r-release-linux-x86_64, r-release-osx-x86_64, r-release-windows-ix86+x86_64, r-oldrel-osx-x86_64, r-oldrel-windows-ix86+x86_64

Version: 0.2-1.1
Check: package dependencies
Result: NOTE
    Package suggested but not available for checking: ‘RODBC’
Flavor: r-release-osx-x86_64