CRAN Package Check Results for Package RcmdrPlugin.UCA

Last updated on 2020-07-02 02:09:58 CEST.

Flavor Version Tinstall Tcheck Ttotal Status Flags
r-devel-linux-x86_64-debian-clang 4.2-6 16.13 129.35 145.48 OK
r-devel-linux-x86_64-debian-gcc 4.2-6 12.93 98.22 111.15 OK
r-devel-linux-x86_64-fedora-clang 4.2-6 187.91 OK
r-devel-linux-x86_64-fedora-gcc 4.2-6 181.97 OK
r-devel-windows-ix86+x86_64 4.2-6 73.00 153.00 226.00 OK
r-patched-linux-x86_64 4.2-6 12.02 126.40 138.42 OK
r-patched-solaris-x86 4.2-6 303.10 OK
r-release-linux-x86_64 4.2-6 10.59 125.83 136.42 OK
r-release-osx-x86_64 4.2-6 WARN
r-release-windows-ix86+x86_64 4.2-6 39.00 145.00 184.00 OK
r-oldrel-osx-x86_64 4.2-6 OK
r-oldrel-windows-ix86+x86_64 4.2-6 63.00 245.00 308.00 OK

Check Details

Version: 4.2-6
Check: re-building of vignette outputs
Result: WARN
    Error(s) in re-building vignettes:
    --- re-building ‘additions.Rmd’ using rmarkdown
    dyld: lazy symbol binding failed: Symbol not found: ____chkstk_darwin
     Referenced from: /usr/local/bin/pandoc (which was built for Mac OS X 10.15)
     Expected in: /usr/lib/libSystem.B.dylib
    
    dyld: Symbol not found: ____chkstk_darwin
     Referenced from: /usr/local/bin/pandoc (which was built for Mac OS X 10.15)
     Expected in: /usr/lib/libSystem.B.dylib
    
    Error: processing vignette 'additions.Rmd' failed with diagnostics:
    pandoc document conversion failed with error 6
    --- failed re-building ‘additions.Rmd’
    
    --- re-building ‘adiciones.Rmd’ using rmarkdown
    dyld: lazy symbol binding failed: Symbol not found: ____chkstk_darwin
     Referenced from: /usr/local/bin/pandoc (which was built for Mac OS X 10.15)
     Expected in: /usr/lib/libSystem.B.dylib
    
    dyld: Symbol not found: ____chkstk_darwin
     Referenced from: /usr/local/bin/pandoc (which was built for Mac OS X 10.15)
     Expected in: /usr/lib/libSystem.B.dylib
    
    Error: processing vignette 'adiciones.Rmd' failed with diagnostics:
    pandoc document conversion failed with error 6
    --- failed re-building ‘adiciones.Rmd’
    
    SUMMARY: processing the following files failed:
     ‘additions.Rmd’ ‘adiciones.Rmd’
    
    Error: Vignette re-building failed.
    Execution halted
Flavor: r-release-osx-x86_64