Last updated on 2020-07-02 02:09:58 CEST.
Flavor | Version | Tinstall | Tcheck | Ttotal | Status | Flags |
---|---|---|---|---|---|---|
r-devel-linux-x86_64-debian-clang | 0.3-3 | 2.72 | 24.16 | 26.88 | OK | --no-examples --no-tests --no-vignettes |
r-devel-linux-x86_64-debian-gcc | 0.3-3 | 1.98 | 18.73 | 20.71 | OK | --no-examples --no-tests --no-vignettes |
r-patched-linux-x86_64 | 0.3-3 | 2.51 | 23.97 | 26.48 | OK | --no-examples --no-tests --no-vignettes |
r-release-linux-x86_64 | 0.3-3 | 2.57 | 24.10 | 26.67 | OK | --no-examples --no-tests --no-vignettes |
r-release-osx-x86_64 | 0.3-3 | ERROR | ||||
r-release-windows-ix86+x86_64 | 0.3-3 | 2.00 | 6.00 | 8.00 | ERROR | |
r-oldrel-osx-x86_64 | 0.3-3 | ERROR |
Version: 0.3-3
Check: whether package can be installed
Result: ERROR
Installation failed.
Flavors: r-release-osx-x86_64, r-release-windows-ix86+x86_64, r-oldrel-osx-x86_64