Last updated on 2020-07-02 02:09:59 CEST.
Flavor | Version | Tinstall | Tcheck | Ttotal | Status | Flags |
---|---|---|---|---|---|---|
r-devel-linux-x86_64-debian-clang | 0.1.0 | 15.22 | 118.58 | 133.80 | OK | |
r-devel-linux-x86_64-debian-gcc | 0.1.0 | 11.83 | 89.11 | 100.94 | OK | |
r-devel-linux-x86_64-fedora-clang | 0.1.0 | 164.68 | NOTE | |||
r-devel-linux-x86_64-fedora-gcc | 0.1.0 | 154.34 | NOTE | |||
r-devel-windows-ix86+x86_64 | 0.1.0 | 41.00 | 113.00 | 154.00 | OK | |
r-patched-linux-x86_64 | 0.1.0 | 15.15 | 115.79 | 130.94 | OK | |
r-patched-solaris-x86 | 0.1.0 | 191.60 | NOTE | |||
r-release-linux-x86_64 | 0.1.0 | 14.60 | 115.67 | 130.27 | OK | |
r-release-osx-x86_64 | 0.1.0 | NOTE | ||||
r-release-windows-ix86+x86_64 | 0.1.0 | 28.00 | 115.00 | 143.00 | OK | |
r-oldrel-osx-x86_64 | 0.1.0 | NOTE | ||||
r-oldrel-windows-ix86+x86_64 | 0.1.0 | 31.00 | 167.00 | 198.00 | OK |
Version: 0.1.0
Check: dependencies in R code
Result: NOTE
Namespace in Imports field not imported from: ‘rmarkdown’
All declared Imports should be used.
Flavors: r-devel-linux-x86_64-fedora-clang, r-devel-linux-x86_64-fedora-gcc, r-patched-solaris-x86, r-release-osx-x86_64, r-oldrel-osx-x86_64