CRAN Package Check Results for Package Rmalschains

Last updated on 2020-07-02 02:09:59 CEST.

Flavor Version Tinstall Tcheck Ttotal Status Flags
r-devel-linux-x86_64-debian-clang 0.2-6 123.39 26.53 149.92 OK
r-devel-linux-x86_64-debian-gcc 0.2-6 87.05 20.87 107.92 OK
r-devel-linux-x86_64-fedora-clang 0.2-6 253.19 NOTE
r-devel-linux-x86_64-fedora-gcc 0.2-6 178.09 OK
r-devel-windows-ix86+x86_64 0.2-6 346.00 80.00 426.00 OK
r-patched-linux-x86_64 0.2-6 92.52 26.09 118.61 OK
r-patched-solaris-x86 0.2-6 177.10 OK
r-release-linux-x86_64 0.2-6 91.68 26.07 117.75 OK
r-release-osx-x86_64 0.2-6 NOTE
r-release-windows-ix86+x86_64 0.2-6 268.00 64.00 332.00 OK
r-oldrel-osx-x86_64 0.2-6 NOTE
r-oldrel-windows-ix86+x86_64 0.2-6 262.00 82.00 344.00 OK

Check Details

Version: 0.2-6
Check: installed package size
Result: NOTE
     installed size is 8.1Mb
     sub-directories of 1Mb or more:
     libs 7.9Mb
Flavors: r-devel-linux-x86_64-fedora-clang, r-release-osx-x86_64, r-oldrel-osx-x86_64