CRAN Package Check Results for Package Rsmlx

Last updated on 2020-07-02 02:10:00 CEST.

Flavor Version Tinstall Tcheck Ttotal Status Flags
r-devel-linux-x86_64-debian-clang 2.0.2 9.88 65.55 75.43 OK
r-devel-linux-x86_64-debian-gcc 2.0.2 9.24 49.03 58.27 OK
r-devel-linux-x86_64-fedora-clang 2.0.2 96.47 NOTE
r-devel-linux-x86_64-fedora-gcc 2.0.2 89.31 NOTE
r-devel-windows-ix86+x86_64 2.0.2 31.00 73.00 104.00 OK
r-patched-linux-x86_64 2.0.2 11.30 63.64 74.94 OK
r-patched-solaris-x86 2.0.2 116.70 NOTE
r-release-linux-x86_64 2.0.2 11.10 64.36 75.46 OK
r-release-osx-x86_64 2.0.2 NOTE
r-release-windows-ix86+x86_64 2.0.2 18.00 69.00 87.00 OK
r-oldrel-osx-x86_64 2.0.2 NOTE
r-oldrel-windows-ix86+x86_64 2.0.2 20.00 100.00 120.00 OK

Check Details

Version: 2.0.2
Check: dependencies in R code
Result: NOTE
    Namespaces in Imports field not imported from:
     ‘methods’ ‘tcltk’ ‘tools’
     All declared Imports should be used.
Flavors: r-devel-linux-x86_64-fedora-clang, r-devel-linux-x86_64-fedora-gcc, r-patched-solaris-x86, r-release-osx-x86_64, r-oldrel-osx-x86_64