Last updated on 2020-07-02 02:10:01 CEST.
Flavor | Version | Tinstall | Tcheck | Ttotal | Status | Flags |
---|---|---|---|---|---|---|
r-devel-linux-x86_64-debian-clang | 2.1.5 | 5.89 | 190.16 | 196.05 | OK | |
r-devel-linux-x86_64-debian-gcc | 2.1.5 | 4.93 | 131.74 | 136.67 | OK | |
r-devel-linux-x86_64-fedora-clang | 2.1.5 | 235.03 | OK | |||
r-devel-linux-x86_64-fedora-gcc | 2.1.5 | 220.03 | OK | |||
r-devel-windows-ix86+x86_64 | 2.1.5 | 21.00 | 180.00 | 201.00 | OK | |
r-patched-linux-x86_64 | 2.1.5 | 5.24 | 182.15 | 187.39 | OK | |
r-patched-solaris-x86 | 2.1.5 | 283.40 | OK | |||
r-release-linux-x86_64 | 2.1.5 | 5.95 | 181.86 | 187.81 | OK | |
r-release-osx-x86_64 | 2.1.5 | OK | ||||
r-release-windows-ix86+x86_64 | 2.1.5 | 15.00 | 178.00 | 193.00 | OK | |
r-oldrel-osx-x86_64 | 2.1.5 | ERROR | ||||
r-oldrel-windows-ix86+x86_64 | 2.1.4 | 15.00 | 185.00 | 200.00 | OK |
Version: 2.1.5
Check: whether package can be installed
Result: ERROR
Installation failed.
Flavor: r-oldrel-osx-x86_64