Last updated on 2020-07-02 02:10:03 CEST.
Flavor | Version | Tinstall | Tcheck | Ttotal | Status | Flags |
---|---|---|---|---|---|---|
r-devel-linux-x86_64-debian-clang | 2.0.0 | 5.22 | 50.22 | 55.44 | OK | |
r-devel-linux-x86_64-debian-gcc | 2.0.0 | 4.19 | 37.43 | 41.62 | OK | |
r-devel-linux-x86_64-fedora-clang | 2.0.0 | 72.95 | NOTE | |||
r-devel-linux-x86_64-fedora-gcc | 2.0.0 | 65.32 | NOTE | |||
r-devel-windows-ix86+x86_64 | 2.0.0 | 25.00 | 57.00 | 82.00 | OK | |
r-patched-linux-x86_64 | 2.0.0 | 5.31 | 48.03 | 53.34 | OK | |
r-patched-solaris-x86 | 2.0.0 | 95.20 | NOTE | |||
r-release-linux-x86_64 | 2.0.0 | 5.35 | 47.91 | 53.26 | OK | |
r-release-osx-x86_64 | 2.0.0 | NOTE | ||||
r-release-windows-ix86+x86_64 | 2.0.0 | 13.00 | 60.00 | 73.00 | OK | |
r-oldrel-osx-x86_64 | 2.0.0 | NOTE | ||||
r-oldrel-windows-ix86+x86_64 | 2.0.0 | 27.00 | 91.00 | 118.00 | OK |
Version: 2.0.0
Check: dependencies in R code
Result: NOTE
Namespace in Imports field not imported from: ‘shiny’
All declared Imports should be used.
Flavors: r-devel-linux-x86_64-fedora-clang, r-devel-linux-x86_64-fedora-gcc, r-patched-solaris-x86, r-release-osx-x86_64, r-oldrel-osx-x86_64