Last updated on 2020-07-02 02:10:00 CEST.
Flavor | Version | Tinstall | Tcheck | Ttotal | Status | Flags |
---|---|---|---|---|---|---|
r-devel-linux-x86_64-debian-clang | 0.1.0 | 5.66 | 43.01 | 48.67 | OK | |
r-devel-linux-x86_64-debian-gcc | 0.1.0 | 4.69 | 32.51 | 37.20 | OK | |
r-devel-linux-x86_64-fedora-clang | 0.1.0 | 68.88 | NOTE | |||
r-devel-linux-x86_64-fedora-gcc | 0.1.0 | 58.19 | NOTE | |||
r-devel-windows-ix86+x86_64 | 0.1.0 | 20.00 | 50.00 | 70.00 | OK | |
r-patched-linux-x86_64 | 0.1.0 | 5.07 | 41.46 | 46.53 | OK | |
r-patched-solaris-x86 | 0.1.0 | 85.30 | NOTE | |||
r-release-linux-x86_64 | 0.1.0 | 5.93 | 41.36 | 47.29 | OK | |
r-release-osx-x86_64 | 0.1.0 | NOTE | ||||
r-release-windows-ix86+x86_64 | 0.1.0 | 13.00 | 52.00 | 65.00 | OK | |
r-oldrel-osx-x86_64 | 0.1.0 | NOTE | ||||
r-oldrel-windows-ix86+x86_64 | 0.1.0 | 40.00 | 76.00 | 116.00 | OK |
Version: 0.1.0
Check: dependencies in R code
Result: NOTE
Namespace in Imports field not imported from: ‘tibble’
All declared Imports should be used.
Flavors: r-devel-linux-x86_64-fedora-clang, r-devel-linux-x86_64-fedora-gcc, r-patched-solaris-x86, r-release-osx-x86_64, r-oldrel-osx-x86_64