CRAN Package Check Results for Package SegEnvIneq

Last updated on 2020-07-02 02:10:01 CEST.

Flavor Version Tinstall Tcheck Ttotal Status Flags
r-devel-linux-x86_64-debian-clang 1.0 6.01 35.05 41.06 OK
r-devel-linux-x86_64-debian-gcc 1.0 5.64 26.29 31.93 OK
r-devel-linux-x86_64-fedora-clang 1.0 62.59 OK
r-devel-linux-x86_64-fedora-gcc 1.0 52.49 OK
r-devel-windows-ix86+x86_64 1.0 21.00 62.00 83.00 OK
r-patched-linux-x86_64 1.0 6.87 34.26 41.13 OK
r-patched-solaris-x86 1.0 77.00 OK
r-release-linux-x86_64 1.0 7.80 33.96 41.76 OK
r-release-osx-x86_64 1.0 OK
r-release-windows-ix86+x86_64 1.0 14.00 62.00 76.00 OK
r-oldrel-osx-x86_64 1.0 ERROR

Check Details

Version: 1.0
Check: package dependencies
Result: ERROR
    Package required and available but unsuitable version: ‘OasisR’
    
    See section ‘The DESCRIPTION file’ in the ‘Writing R Extensions’
    manual.
Flavor: r-oldrel-osx-x86_64