Last updated on 2020-07-02 02:10:01 CEST.
Flavor | Version | Tinstall | Tcheck | Ttotal | Status | Flags |
---|---|---|---|---|---|---|
r-devel-linux-x86_64-debian-clang | 1.3.3 | 19.38 | 158.33 | 177.71 | OK | |
r-devel-linux-x86_64-debian-gcc | 1.3.3 | 16.34 | 117.60 | 133.94 | OK | |
r-devel-linux-x86_64-fedora-clang | 1.3.3 | 224.81 | NOTE | |||
r-devel-linux-x86_64-fedora-gcc | 1.3.3 | 215.81 | NOTE | |||
r-devel-windows-ix86+x86_64 | 1.3.3 | 72.00 | 221.00 | 293.00 | OK | |
r-patched-linux-x86_64 | 1.3.3 | 18.49 | 150.90 | 169.39 | OK | |
r-patched-solaris-x86 | 1.3.3 | 312.00 | NOTE | |||
r-release-linux-x86_64 | 1.3.3 | 18.80 | 151.35 | 170.15 | OK | |
r-release-osx-x86_64 | 1.3.3 | NOTE | ||||
r-release-windows-ix86+x86_64 | 1.3.3 | 35.00 | 160.00 | 195.00 | OK | |
r-oldrel-osx-x86_64 | 1.3.3 | NOTE | ||||
r-oldrel-windows-ix86+x86_64 | 1.3.3 | 47.00 | 221.00 | 268.00 | OK |
Version: 1.3.3
Check: package dependencies
Result: NOTE
Imports includes 30 non-default packages.
Importing from so many packages makes the package vulnerable to any of
them becoming unavailable. Move as many as possible to Suggests and
use conditionally.
Flavor: r-devel-linux-x86_64-fedora-clang
Version: 1.3.3
Check: dependencies in R code
Result: NOTE
Namespaces in Imports field not imported from:
‘DT’ ‘VGAM’ ‘data.table’ ‘ggdendro’ ‘gridExtra’ ‘knitr’
‘latticeExtra’ ‘msm’ ‘plotly’ ‘shinyBS’ ‘shinydashboard’ ‘xtable’
All declared Imports should be used.
Flavors: r-devel-linux-x86_64-fedora-clang, r-devel-linux-x86_64-fedora-gcc, r-patched-solaris-x86, r-release-osx-x86_64, r-oldrel-osx-x86_64
Version: 1.3.3
Check: Rd cross-references
Result: NOTE
Undeclared package ‘WrightMap’ in Rd xrefs
Flavor: r-devel-linux-x86_64-fedora-clang