Last updated on 2020-07-02 02:10:01 CEST.
Flavor | Version | Tinstall | Tcheck | Ttotal | Status | Flags |
---|---|---|---|---|---|---|
r-devel-linux-x86_64-debian-clang | 0.2.5 | 39.52 | 333.54 | 373.06 | OK | |
r-devel-linux-x86_64-debian-gcc | 0.2.5 | 30.15 | 250.98 | 281.13 | OK | |
r-devel-linux-x86_64-fedora-clang | 0.2.5 | 525.88 | NOTE | |||
r-devel-linux-x86_64-fedora-gcc | 0.2.5 | 518.55 | NOTE | |||
r-devel-windows-ix86+x86_64 | 0.2.5 | 136.00 | 302.00 | 438.00 | OK | |
r-patched-linux-x86_64 | 0.2.5 | 30.31 | 322.75 | 353.06 | OK | |
r-patched-solaris-x86 | 0.2.5 | 590.50 | NOTE | |||
r-release-linux-x86_64 | 0.2.5 | 26.92 | 323.85 | 350.77 | OK | |
r-release-osx-x86_64 | 0.2.5 | NOTE | ||||
r-release-windows-ix86+x86_64 | 0.2.5 | 80.00 | 303.00 | 383.00 | OK | |
r-oldrel-osx-x86_64 | 0.2.5 | ERROR | ||||
r-oldrel-windows-ix86+x86_64 | 0.2.5 | 102.00 | 448.00 | 550.00 | OK |
Version: 0.2.5
Check: package dependencies
Result: NOTE
Packages suggested but not available for checking:
'chromVAR', 'TFBSTools', 'motifmatchr'
Flavors: r-devel-linux-x86_64-fedora-clang, r-devel-linux-x86_64-fedora-gcc, r-patched-solaris-x86, r-release-osx-x86_64, r-oldrel-osx-x86_64
Version: 0.2.5
Check: Rd cross-references
Result: NOTE
Packages unavailable to check Rd xrefs: ‘TFBSTools’, ‘motifmatchr’, ‘chromVAR’
Flavors: r-devel-linux-x86_64-fedora-clang, r-devel-linux-x86_64-fedora-gcc, r-patched-solaris-x86, r-release-osx-x86_64
Version: 0.2.5
Check: whether package can be installed
Result: ERROR
Installation failed.
Flavor: r-oldrel-osx-x86_64