Last updated on 2020-07-02 02:10:02 CEST.
Flavor | Version | Tinstall | Tcheck | Ttotal | Status | Flags |
---|---|---|---|---|---|---|
r-devel-linux-x86_64-debian-clang | 0.8.2 | 2.75 | 52.60 | 55.35 | NOTE | |
r-devel-linux-x86_64-debian-gcc | 0.8.2 | 2.30 | 35.75 | 38.05 | NOTE | |
r-devel-linux-x86_64-fedora-clang | 0.8.2 | 73.37 | NOTE | |||
r-devel-linux-x86_64-fedora-gcc | 0.8.2 | 63.45 | NOTE | |||
r-devel-windows-ix86+x86_64 | 0.8.2 | 8.00 | 55.00 | 63.00 | NOTE | |
r-patched-linux-x86_64 | 0.8.2 | 2.97 | 50.87 | 53.84 | NOTE | |
r-patched-solaris-x86 | 0.8.2 | 83.10 | NOTE | |||
r-release-linux-x86_64 | 0.8.2 | 2.85 | 51.16 | 54.01 | NOTE | |
r-release-osx-x86_64 | 0.8.2 | NOTE | ||||
r-release-windows-ix86+x86_64 | 0.8.2 | 7.00 | 60.00 | 67.00 | NOTE | |
r-oldrel-osx-x86_64 | 0.8.2 | NOTE | ||||
r-oldrel-windows-ix86+x86_64 | 0.8.2 | 5.00 | 75.00 | 80.00 | NOTE |
Version: 0.8.2
Check: DESCRIPTION meta-information
Result: NOTE
Malformed Description field: should contain one or more complete sentences.
Flavors: r-devel-linux-x86_64-debian-clang, r-devel-linux-x86_64-debian-gcc, r-devel-linux-x86_64-fedora-clang, r-devel-linux-x86_64-fedora-gcc, r-devel-windows-ix86+x86_64, r-patched-linux-x86_64, r-patched-solaris-x86, r-release-linux-x86_64, r-release-osx-x86_64, r-release-windows-ix86+x86_64, r-oldrel-osx-x86_64, r-oldrel-windows-ix86+x86_64