CRAN Package Check Results for Package StatCharrms

Last updated on 2020-07-02 02:10:02 CEST.

Flavor Version Tinstall Tcheck Ttotal Status Flags
r-devel-linux-x86_64-debian-clang 0.90.95 15.09 146.73 161.82 OK
r-devel-linux-x86_64-debian-gcc 0.90.95 13.05 110.65 123.70 OK
r-devel-linux-x86_64-fedora-clang 0.90.95 204.38 OK
r-devel-linux-x86_64-fedora-gcc 0.90.95 188.67 OK
r-devel-windows-ix86+x86_64 0.90.95 52.00 144.00 196.00 OK
r-patched-linux-x86_64 0.90.95 15.69 141.67 157.36 OK
r-patched-solaris-x86 0.90.95 300.40 OK
r-release-linux-x86_64 0.90.95 15.87 143.40 159.27 OK
r-release-osx-x86_64 0.90.95 OK
r-release-windows-ix86+x86_64 0.90.95 31.00 151.00 182.00 OK
r-oldrel-osx-x86_64 0.90.95 ERROR
r-oldrel-windows-ix86+x86_64 0.90.95 49.00 195.00 244.00 OK

Check Details

Version: 0.90.95
Check: package dependencies
Result: ERROR
    Package required but not available: ‘gWidgets2RGtk2’
    
    See section ‘The DESCRIPTION file’ in the ‘Writing R Extensions’
    manual.
Flavor: r-oldrel-osx-x86_64