CRAN Package Check Results for Package SummaryLasso

Last updated on 2020-07-02 02:10:03 CEST.

Flavor Version Tinstall Tcheck Ttotal Status Flags
r-devel-linux-x86_64-debian-clang 1.2.1 4.24 26.25 30.49 OK
r-devel-linux-x86_64-debian-gcc 1.2.1 2.97 20.30 23.27 OK
r-devel-linux-x86_64-fedora-clang 1.2.1 45.68 NOTE
r-devel-linux-x86_64-fedora-gcc 1.2.1 35.15 NOTE
r-devel-windows-ix86+x86_64 1.2.1 16.00 51.00 67.00 OK
r-patched-linux-x86_64 1.2.1 3.51 26.20 29.71 OK
r-patched-solaris-x86 1.2.1 59.30 OK
r-release-linux-x86_64 1.2.1 3.69 25.86 29.55 OK
r-release-osx-x86_64 1.2.1 OK
r-release-windows-ix86+x86_64 1.2.1 12.00 51.00 63.00 OK
r-oldrel-osx-x86_64 1.2.1 OK
r-oldrel-windows-ix86+x86_64 1.2.1 10.00 60.00 70.00 OK

Check Details

Version: 1.2.1
Check: compiled code
Result: NOTE
    File ‘SummaryLasso/libs/SummaryLasso.so’:
     Found no calls to: ‘R_registerRoutines’, ‘R_useDynamicSymbols’
    
    It is good practice to register native routines and to disable symbol
    search.
    
    See ‘Writing portable packages’ in the ‘Writing R Extensions’ manual.
Flavors: r-devel-linux-x86_64-fedora-clang, r-devel-linux-x86_64-fedora-gcc