CRAN Package Check Results for Package Surrogate

Last updated on 2020-07-02 02:10:03 CEST.

Flavor Version Tinstall Tcheck Ttotal Status Flags
r-devel-linux-x86_64-debian-clang 1.7 42.38 246.97 289.35 OK
r-devel-linux-x86_64-debian-gcc 1.7 38.82 180.55 219.37 OK
r-devel-linux-x86_64-fedora-clang 1.7 346.38 NOTE
r-devel-linux-x86_64-fedora-gcc 1.7 335.59 NOTE
r-devel-windows-ix86+x86_64 1.7 98.00 236.00 334.00 OK
r-patched-linux-x86_64 1.7 30.60 243.86 274.46 OK
r-patched-solaris-x86 1.7 441.90 NOTE
r-release-linux-x86_64 1.7 33.18 242.16 275.34 OK
r-release-osx-x86_64 1.7 NOTE
r-release-windows-ix86+x86_64 1.7 57.00 233.00 290.00 OK
r-oldrel-osx-x86_64 1.7 WARN
r-oldrel-windows-ix86+x86_64 1.7 74.00 301.00 375.00 OK

Check Details

Version: 1.7
Check: dependencies in R code
Result: NOTE
    Namespace in Imports field not imported from: ‘rootSolve’
     All declared Imports should be used.
Flavors: r-devel-linux-x86_64-fedora-clang, r-devel-linux-x86_64-fedora-gcc, r-patched-solaris-x86, r-release-osx-x86_64, r-oldrel-osx-x86_64

Version: 1.7
Check: whether package can be installed
Result: WARN
    Found the following significant warnings:
     Warning: 'rgl.init' failed, running with 'rgl.useNULL = TRUE'.
Flavor: r-oldrel-osx-x86_64