Last updated on 2020-07-02 02:10:03 CEST.
Flavor | Version | Tinstall | Tcheck | Ttotal | Status | Flags |
---|---|---|---|---|---|---|
r-devel-linux-x86_64-debian-clang | 1.0.1 | 2.73 | 30.43 | 33.16 | OK | |
r-devel-linux-x86_64-debian-gcc | 1.0.1 | 2.21 | 24.03 | 26.24 | OK | |
r-devel-linux-x86_64-fedora-clang | 1.0.1 | 48.70 | NOTE | |||
r-devel-linux-x86_64-fedora-gcc | 1.0.1 | 39.25 | NOTE | |||
r-devel-windows-ix86+x86_64 | 1.0.1 | 12.00 | 44.00 | 56.00 | OK | |
r-patched-linux-x86_64 | 1.0.1 | 2.69 | 30.95 | 33.64 | OK | |
r-patched-solaris-x86 | 1.0.1 | 62.50 | NOTE | |||
r-release-linux-x86_64 | 1.0.1 | 2.91 | 30.28 | 33.19 | OK | |
r-release-osx-x86_64 | 1.0.1 | NOTE | ||||
r-release-windows-ix86+x86_64 | 1.0.1 | 8.00 | 45.00 | 53.00 | OK | |
r-oldrel-osx-x86_64 | 1.0.1 | NOTE | ||||
r-oldrel-windows-ix86+x86_64 | 1.0.1 | 26.00 | 60.00 | 86.00 | OK |
Version: 1.0.1
Check: dependencies in R code
Result: NOTE
Namespace in Imports field not imported from: ‘utils’
All declared Imports should be used.
Flavors: r-devel-linux-x86_64-fedora-clang, r-devel-linux-x86_64-fedora-gcc, r-patched-solaris-x86, r-release-osx-x86_64, r-oldrel-osx-x86_64