Last updated on 2020-07-02 02:10:03 CEST.
Flavor | Version | Tinstall | Tcheck | Ttotal | Status | Flags |
---|---|---|---|---|---|---|
r-devel-linux-x86_64-debian-clang | 1.0-10 | 5.93 | 31.02 | 36.95 | OK | |
r-devel-linux-x86_64-debian-gcc | 1.0-10 | 5.11 | 24.32 | 29.43 | OK | |
r-devel-linux-x86_64-fedora-clang | 1.0-10 | 53.24 | NOTE | |||
r-devel-linux-x86_64-fedora-gcc | 1.0-10 | 44.96 | OK | |||
r-devel-windows-ix86+x86_64 | 1.0-10 | 18.00 | 42.00 | 60.00 | NOTE | |
r-patched-linux-x86_64 | 1.0-10 | 6.79 | 30.69 | 37.48 | OK | |
r-patched-solaris-x86 | 1.0-10 | 69.50 | NOTE | |||
r-release-linux-x86_64 | 1.0-10 | 6.15 | 30.97 | 37.12 | OK | |
r-release-osx-x86_64 | 1.0-10 | NOTE | ||||
r-release-windows-ix86+x86_64 | 1.0-10 | 13.00 | 43.00 | 56.00 | NOTE | |
r-oldrel-osx-x86_64 | 1.0-10 | NOTE | ||||
r-oldrel-windows-ix86+x86_64 | 1.0-10 | 15.00 | 60.00 | 75.00 | NOTE |
Version: 1.0-10
Check: installed package size
Result: NOTE
installed size is 8.5Mb
sub-directories of 1Mb or more:
data 1.2Mb
rda 7.1Mb
Flavors: r-devel-linux-x86_64-fedora-clang, r-devel-windows-ix86+x86_64, r-patched-solaris-x86, r-release-osx-x86_64, r-release-windows-ix86+x86_64, r-oldrel-osx-x86_64, r-oldrel-windows-ix86+x86_64