Last updated on 2020-07-02 02:10:04 CEST.
Flavor | Version | Tinstall | Tcheck | Ttotal | Status | Flags |
---|---|---|---|---|---|---|
r-devel-linux-x86_64-debian-clang | 1.13.2 | 15.72 | 126.24 | 141.96 | NOTE | |
r-devel-linux-x86_64-debian-gcc | 1.13.2 | 15.20 | 94.54 | 109.74 | NOTE | |
r-devel-linux-x86_64-fedora-clang | 1.13.2 | 176.21 | NOTE | |||
r-devel-linux-x86_64-fedora-gcc | 1.13.2 | 169.06 | NOTE | |||
r-devel-windows-ix86+x86_64 | 1.13.2 | 45.00 | 184.00 | 229.00 | OK | |
r-patched-linux-x86_64 | 1.13.2 | 17.50 | 125.29 | 142.79 | NOTE | |
r-patched-solaris-x86 | 1.13.2 | 220.20 | NOTE | |||
r-release-linux-x86_64 | 1.13.2 | 18.10 | 123.98 | 142.08 | NOTE | |
r-release-osx-x86_64 | 1.13.2 | OK | ||||
r-release-windows-ix86+x86_64 | 1.13.2 | 27.00 | 173.00 | 200.00 | OK | |
r-oldrel-osx-x86_64 | 1.13.2 | OK | ||||
r-oldrel-windows-ix86+x86_64 | 1.13.2 | 28.00 | 234.00 | 262.00 | OK |
Version: 1.13.2
Check: for non-standard things in the check directory
Result: NOTE
Found the following files/directories:
'_paramEst.txt'
Flavors: r-devel-linux-x86_64-debian-clang, r-devel-linux-x86_64-debian-gcc, r-devel-linux-x86_64-fedora-clang, r-devel-linux-x86_64-fedora-gcc, r-patched-linux-x86_64, r-patched-solaris-x86, r-release-linux-x86_64