CRAN Package Check Results for Package TMB

Last updated on 2020-07-02 02:10:04 CEST.

Flavor Version Tinstall Tcheck Ttotal Status Flags
r-devel-linux-x86_64-debian-clang 1.7.16 86.56 71.79 158.35 OK
r-devel-linux-x86_64-debian-gcc 1.7.16 58.93 55.82 114.75 OK
r-devel-linux-x86_64-fedora-clang 1.7.16 201.66 NOTE
r-devel-linux-x86_64-fedora-gcc 1.7.16 188.08 OK
r-devel-windows-ix86+x86_64 1.7.16 160.00 111.00 271.00 NOTE
r-patched-linux-x86_64 1.7.16 66.20 72.33 138.53 OK
r-patched-solaris-x86 1.7.16 199.10 OK
r-release-linux-x86_64 1.7.16 69.58 73.02 142.60 OK
r-release-osx-x86_64 1.7.16 NOTE
r-release-windows-ix86+x86_64 1.7.16 119.00 106.00 225.00 NOTE
r-oldrel-osx-x86_64 1.7.16 NOTE
r-oldrel-windows-ix86+x86_64 1.7.16 132.00 125.00 257.00 NOTE

Check Details

Version: 1.7.16
Check: installed package size
Result: NOTE
     installed size is 18.5Mb
     sub-directories of 1Mb or more:
     examples 15.0Mb
     include 3.0Mb
Flavors: r-devel-linux-x86_64-fedora-clang, r-devel-windows-ix86+x86_64, r-release-osx-x86_64, r-release-windows-ix86+x86_64, r-oldrel-osx-x86_64, r-oldrel-windows-ix86+x86_64