Last updated on 2020-07-02 02:10:04 CEST.
Flavor | Version | Tinstall | Tcheck | Ttotal | Status | Flags |
---|---|---|---|---|---|---|
r-devel-linux-x86_64-debian-clang | 3.1 | 16.62 | 101.59 | 118.21 | OK | |
r-devel-linux-x86_64-debian-gcc | 3.1 | 12.91 | 76.22 | 89.13 | OK | |
r-devel-linux-x86_64-fedora-clang | 3.1 | 150.10 | OK | |||
r-devel-linux-x86_64-fedora-gcc | 3.1 | 138.68 | OK | |||
r-devel-windows-ix86+x86_64 | 3.1 | 46.00 | 102.00 | 148.00 | OK | |
r-patched-linux-x86_64 | 3.1 | 15.92 | 99.69 | 115.61 | OK | |
r-patched-solaris-x86 | 3.1 | 205.10 | OK | |||
r-release-linux-x86_64 | 3.1 | 14.70 | 98.45 | 113.15 | OK | |
r-release-osx-x86_64 | 3.1 | OK | ||||
r-release-windows-ix86+x86_64 | 3.1 | 26.00 | 103.00 | 129.00 | OK | |
r-oldrel-osx-x86_64 | 3.1 | FAIL | ||||
r-oldrel-windows-ix86+x86_64 | 3.1 | 28.00 | 139.00 | 167.00 | OK |
Version: 3.1
Check: whether package can be installed
Result: FAIL
Flavor: r-oldrel-osx-x86_64