Last updated on 2020-07-02 02:10:04 CEST.
Flavor | Version | Tinstall | Tcheck | Ttotal | Status | Flags |
---|---|---|---|---|---|---|
r-devel-linux-x86_64-debian-clang | 1.0.0 | 67.73 | 135.74 | 203.47 | NOTE | |
r-devel-linux-x86_64-debian-gcc | 1.0.0 | 44.71 | 104.48 | 149.19 | NOTE | |
r-devel-linux-x86_64-fedora-clang | 1.0.0 | 263.60 | NOTE | |||
r-devel-linux-x86_64-fedora-gcc | 1.0.0 | 241.32 | NOTE | |||
r-patched-linux-x86_64 | 1.0.0 | 47.76 | 134.40 | 182.16 | NOTE | |
r-patched-solaris-x86 | 1.0.0 | 309.00 | NOTE | |||
r-oldrel-osx-x86_64 | 1.0.0 | NOTE |
clang-ASAN clang-UBSAN gcc-ASAN valgrind
Version: 1.0.0
Check: package dependencies
Result: NOTE
Package suggested but not available for checking: 'TreeDistData'
Flavors: r-devel-linux-x86_64-debian-clang, r-devel-linux-x86_64-debian-gcc, r-devel-linux-x86_64-fedora-clang, r-devel-linux-x86_64-fedora-gcc, r-patched-linux-x86_64, r-patched-solaris-x86, r-oldrel-osx-x86_64