Last updated on 2020-07-02 02:10:05 CEST.
Flavor | Version | Tinstall | Tcheck | Ttotal | Status | Flags |
---|---|---|---|---|---|---|
r-devel-linux-x86_64-debian-clang | 0.1.0 | 3.05 | 29.77 | 32.82 | OK | |
r-devel-linux-x86_64-debian-gcc | 0.1.0 | 3.03 | 22.91 | 25.94 | OK | |
r-devel-linux-x86_64-fedora-clang | 0.1.0 | 49.16 | NOTE | |||
r-devel-linux-x86_64-fedora-gcc | 0.1.0 | 37.44 | NOTE | |||
r-devel-windows-ix86+x86_64 | 0.1.0 | 11.00 | 44.00 | 55.00 | OK | |
r-patched-linux-x86_64 | 0.1.0 | 3.25 | 28.07 | 31.32 | OK | |
r-patched-solaris-x86 | 0.1.0 | 58.50 | NOTE | |||
r-release-linux-x86_64 | 0.1.0 | 3.60 | 28.81 | 32.41 | OK | |
r-release-osx-x86_64 | 0.1.0 | NOTE | ||||
r-release-windows-ix86+x86_64 | 0.1.0 | 7.00 | 44.00 | 51.00 | OK | |
r-oldrel-osx-x86_64 | 0.1.0 | NOTE | ||||
r-oldrel-windows-ix86+x86_64 | 0.1.0 | 33.00 | 60.00 | 93.00 | OK |
Version: 0.1.0
Check: dependencies in R code
Result: NOTE
Namespace in Imports field not imported from: ‘tsibble’
All declared Imports should be used.
Flavors: r-devel-linux-x86_64-fedora-clang, r-devel-linux-x86_64-fedora-gcc, r-patched-solaris-x86, r-release-osx-x86_64, r-oldrel-osx-x86_64