CRAN Package Check Results for Package ViSiElse

Last updated on 2020-07-02 02:10:05 CEST.

Flavor Version Tinstall Tcheck Ttotal Status Flags
r-devel-linux-x86_64-debian-clang 1.2.2 11.24 178.86 190.10 OK
r-devel-linux-x86_64-debian-gcc 1.2.2 10.66 133.44 144.10 OK
r-devel-linux-x86_64-fedora-clang 1.2.2 244.73 NOTE
r-devel-linux-x86_64-fedora-gcc 1.2.2 225.51 NOTE
r-devel-windows-ix86+x86_64 1.2.2 35.00 156.00 191.00 OK
r-patched-linux-x86_64 1.2.2 13.22 174.74 187.96 OK
r-patched-solaris-x86 1.2.2 290.50 NOTE
r-release-linux-x86_64 1.2.2 13.15 175.15 188.30 OK
r-release-osx-x86_64 1.2.2 NOTE
r-release-windows-ix86+x86_64 1.2.2 26.00 164.00 190.00 OK
r-oldrel-osx-x86_64 1.2.2 NOTE
r-oldrel-windows-ix86+x86_64 1.2.2 41.00 229.00 270.00 OK

Check Details

Version: 1.2.2
Check: dependencies in R code
Result: NOTE
    Namespaces in Imports field not imported from:
     ‘ggplot2’ ‘reshape2’
     All declared Imports should be used.
Flavors: r-devel-linux-x86_64-fedora-clang, r-devel-linux-x86_64-fedora-gcc, r-patched-solaris-x86, r-release-osx-x86_64, r-oldrel-osx-x86_64