Last updated on 2020-07-02 02:10:05 CEST.
Flavor | Version | Tinstall | Tcheck | Ttotal | Status | Flags |
---|---|---|---|---|---|---|
r-devel-linux-x86_64-debian-clang | 1.69 | 72.28 | 332.11 | 404.39 | OK | |
r-devel-linux-x86_64-debian-gcc | 1.69 | 58.23 | 247.51 | 305.74 | OK | |
r-devel-linux-x86_64-fedora-clang | 1.69 | 511.16 | OK | |||
r-devel-linux-x86_64-fedora-gcc | 1.69 | 494.86 | OK | |||
r-devel-windows-ix86+x86_64 | 1.69 | 160.00 | 433.00 | 593.00 | NOTE | |
r-patched-linux-x86_64 | 1.69 | 52.14 | 323.53 | 375.67 | OK | |
r-patched-solaris-x86 | 1.69 | 602.20 | OK | |||
r-release-linux-x86_64 | 1.69 | 57.04 | 321.80 | 378.84 | OK | |
r-release-osx-x86_64 | 1.69 | NOTE | ||||
r-release-windows-ix86+x86_64 | 1.69 | 103.00 | 429.00 | 532.00 | NOTE | |
r-oldrel-osx-x86_64 | 1.69 | ERROR | ||||
r-oldrel-windows-ix86+x86_64 | 1.69 | 136.00 | 576.00 | 712.00 | OK |
Version: 1.69
Check: installed package size
Result: NOTE
installed size is 5.1Mb
sub-directories of 1Mb or more:
R 1.2Mb
libs 2.2Mb
Flavors: r-devel-windows-ix86+x86_64, r-release-windows-ix86+x86_64
Version: 1.69
Check: package dependencies
Result: NOTE
Packages suggested but not available for checking:
'org.Hs.eg.db', 'org.Mm.eg.db', 'minet'
Flavor: r-release-osx-x86_64
Version: 1.69
Check: package dependencies
Result: ERROR
Package required but not available: ‘GO.db’
Packages suggested but not available for checking:
'org.Hs.eg.db', 'org.Mm.eg.db'
See section ‘The DESCRIPTION file’ in the ‘Writing R Extensions’
manual.
Flavor: r-oldrel-osx-x86_64