Last updated on 2020-07-02 02:10:05 CEST.
Flavor | Version | Tinstall | Tcheck | Ttotal | Status | Flags |
---|---|---|---|---|---|---|
r-devel-linux-x86_64-debian-clang | 1.1 | 4.44 | 33.59 | 38.03 | OK | |
r-devel-linux-x86_64-debian-gcc | 1.1 | 3.71 | 26.21 | 29.92 | OK | |
r-devel-linux-x86_64-fedora-clang | 1.1 | 56.21 | NOTE | |||
r-devel-linux-x86_64-fedora-gcc | 1.1 | 44.94 | OK | |||
r-devel-windows-ix86+x86_64 | 1.1 | 15.00 | 44.00 | 59.00 | OK | |
r-patched-linux-x86_64 | 1.1 | 4.75 | 33.50 | 38.25 | OK | |
r-patched-solaris-x86 | 1.1 | 67.40 | OK | |||
r-release-linux-x86_64 | 1.1 | 4.45 | 33.45 | 37.90 | OK | |
r-release-osx-x86_64 | 1.1 | OK | ||||
r-release-windows-ix86+x86_64 | 1.1 | 9.00 | 47.00 | 56.00 | OK | |
r-oldrel-osx-x86_64 | 1.1 | OK | ||||
r-oldrel-windows-ix86+x86_64 | 1.1 | 8.00 | 63.00 | 71.00 | OK |
Version: 1.1
Check: Rd cross-references
Result: NOTE
Undeclared package ‘WikipediR’ in Rd xrefs
Flavor: r-devel-linux-x86_64-fedora-clang