Last updated on 2020-07-02 02:10:05 CEST.
Flavor | Version | Tinstall | Tcheck | Ttotal | Status | Flags |
---|---|---|---|---|---|---|
r-devel-linux-x86_64-debian-clang | 3.99-0.3 | 25.38 | 79.15 | 104.53 | OK | |
r-devel-linux-x86_64-debian-gcc | 3.99-0.3 | 20.71 | 58.85 | 79.56 | OK | |
r-devel-linux-x86_64-fedora-clang | 3.99-0.3 | 133.76 | OK | |||
r-devel-linux-x86_64-fedora-gcc | 3.99-0.3 | 123.10 | OK | |||
r-devel-windows-ix86+x86_64 | 3.99-0.3 | 65.00 | 120.00 | 185.00 | WARN | |
r-patched-linux-x86_64 | 3.99-0.3 | 23.42 | 78.39 | 101.81 | OK | |
r-patched-solaris-x86 | 3.99-0.3 | 179.70 | OK | |||
r-release-linux-x86_64 | 3.99-0.3 | 23.33 | 78.46 | 101.79 | OK | |
r-release-osx-x86_64 | 3.99-0.3 | NOTE | ||||
r-release-windows-ix86+x86_64 | 3.99-0.3 | 51.00 | 118.00 | 169.00 | WARN | |
r-oldrel-osx-x86_64 | 3.99-0.3 | OK | ||||
r-oldrel-windows-ix86+x86_64 | 3.99-0.3 | 53.00 | 113.00 | 166.00 | NOTE |
Version: 3.99-0.3
Check: whether package can be installed
Result: WARN
Found the following significant warnings:
RSDTD.c:298:23: warning: passing argument 2 of 'xmlHashScan' from incompatible pointer type [-Wincompatible-pointer-types]
RSDTD.c:372:23: warning: passing argument 2 of 'xmlHashScan' from incompatible pointer type [-Wincompatible-pointer-types]
Flavors: r-devel-windows-ix86+x86_64, r-release-windows-ix86+x86_64
Version: 3.99-0.3
Check: installed package size
Result: NOTE
installed size is 7.2Mb
sub-directories of 1Mb or more:
exampleData 1.4Mb
libs 4.2Mb
Flavors: r-devel-windows-ix86+x86_64, r-release-osx-x86_64, r-release-windows-ix86+x86_64, r-oldrel-windows-ix86+x86_64