Last updated on 2020-07-02 02:09:42 CEST.
Flavor | Version | Tinstall | Tcheck | Ttotal | Status | Flags |
---|---|---|---|---|---|---|
r-devel-linux-x86_64-debian-clang | 2.0.0 | 9.55 | 51.05 | 60.60 | NOTE | |
r-devel-linux-x86_64-debian-gcc | 2.0.0 | 7.46 | 38.88 | 46.34 | NOTE | |
r-devel-linux-x86_64-fedora-clang | 2.0.0 | 77.54 | NOTE | |||
r-devel-linux-x86_64-fedora-gcc | 2.0.0 | 69.51 | NOTE | |||
r-devel-windows-ix86+x86_64 | 2.0.0 | 35.00 | 67.00 | 102.00 | NOTE | |
r-patched-linux-x86_64 | 2.0.0 | 9.26 | 50.50 | 59.76 | NOTE | |
r-patched-solaris-x86 | 2.0.0 | 93.80 | NOTE | |||
r-release-linux-x86_64 | 2.0.0 | 8.12 | 50.08 | 58.20 | NOTE | |
r-release-osx-x86_64 | 2.0.0 | NOTE | ||||
r-release-windows-ix86+x86_64 | 2.0.0 | 22.00 | 68.00 | 90.00 | NOTE | |
r-oldrel-osx-x86_64 | 2.0.0 | NOTE | ||||
r-oldrel-windows-ix86+x86_64 | 2.0.0 | 22.00 | 97.00 | 119.00 | NOTE |
Version: 2.0.0
Check: dependencies in R code
Result: NOTE
Missing or unexported object: 'devtools::clean_source'
Flavors: r-devel-linux-x86_64-debian-clang, r-devel-linux-x86_64-debian-gcc, r-devel-windows-ix86+x86_64, r-patched-linux-x86_64, r-release-linux-x86_64, r-release-windows-ix86+x86_64, r-oldrel-windows-ix86+x86_64
Version: 2.0.0
Check: dependencies in R code
Result: NOTE
Namespaces in Imports field not imported from:
‘plotly’ ‘shinydashboard’
All declared Imports should be used.
Missing or unexported object: ‘devtools::clean_source’
Flavors: r-devel-linux-x86_64-fedora-clang, r-devel-linux-x86_64-fedora-gcc, r-patched-solaris-x86, r-release-osx-x86_64, r-oldrel-osx-x86_64