Last updated on 2020-07-02 02:09:42 CEST.
Flavor | Version | Tinstall | Tcheck | Ttotal | Status | Flags |
---|---|---|---|---|---|---|
r-devel-linux-x86_64-debian-clang | 0.3-8 | 34.46 | 439.63 | 474.09 | OK | |
r-devel-linux-x86_64-debian-gcc | 0.3-8 | 28.86 | 325.04 | 353.90 | OK | |
r-devel-linux-x86_64-fedora-clang | 0.3-8 | 583.01 | OK | |||
r-devel-linux-x86_64-fedora-gcc | 0.3-8 | 574.52 | OK | |||
r-devel-windows-ix86+x86_64 | 0.3-8 | 120.00 | 542.00 | 662.00 | OK | |
r-patched-linux-x86_64 | 0.3-8 | 28.12 | 428.75 | 456.87 | OK | |
r-patched-solaris-x86 | 0.3-8 | 846.90 | OK | |||
r-release-linux-x86_64 | 0.3-8 | 30.13 | 425.83 | 455.96 | OK | |
r-release-osx-x86_64 | 0.3-8 | WARN | ||||
r-release-windows-ix86+x86_64 | 0.3-8 | 74.00 | 528.00 | 602.00 | OK | |
r-oldrel-osx-x86_64 | 0.3-8 | OK | ||||
r-oldrel-windows-ix86+x86_64 | 0.3-8 | 96.00 | 720.00 | 816.00 | OK |
Version: 0.3-8
Check: re-building of vignette outputs
Result: WARN
Error(s) in re-building vignettes:
...
--- re-building ‘tutorial.Rmd’ using rmarkdown
dyld: lazy symbol binding failed: Symbol not found: ____chkstk_darwin
Referenced from: /usr/local/bin/pandoc (which was built for Mac OS X 10.15)
Expected in: /usr/lib/libSystem.B.dylib
dyld: Symbol not found: ____chkstk_darwin
Referenced from: /usr/local/bin/pandoc (which was built for Mac OS X 10.15)
Expected in: /usr/lib/libSystem.B.dylib
Error: processing vignette 'tutorial.Rmd' failed with diagnostics:
pandoc document conversion failed with error 6
--- failed re-building ‘tutorial.Rmd’
SUMMARY: processing the following file failed:
‘tutorial.Rmd’
Error: Vignette re-building failed.
Execution halted
Flavor: r-release-osx-x86_64