CRAN Package Check Results for Package aods3

Last updated on 2020-07-02 02:09:42 CEST.

Flavor Version Tinstall Tcheck Ttotal Status Flags
r-devel-linux-x86_64-debian-clang 0.4-1.1 11.19 70.23 81.42 NOTE
r-devel-linux-x86_64-debian-gcc 0.4-1.1 7.90 54.37 62.27 NOTE
r-devel-linux-x86_64-fedora-clang 0.4-1.1 103.70 NOTE
r-devel-linux-x86_64-fedora-gcc 0.4-1.1 96.33 NOTE
r-devel-windows-ix86+x86_64 0.4-1.1 29.00 75.00 104.00 NOTE
r-patched-linux-x86_64 0.4-1.1 10.90 68.67 79.57 NOTE
r-patched-solaris-x86 0.4-1.1 139.00 NOTE
r-release-linux-x86_64 0.4-1.1 8.10 69.22 77.32 NOTE
r-release-osx-x86_64 0.4-1.1 NOTE
r-release-windows-ix86+x86_64 0.4-1.1 19.00 80.00 99.00 NOTE
r-oldrel-osx-x86_64 0.4-1.1 NOTE
r-oldrel-windows-ix86+x86_64 0.4-1.1 23.00 109.00 132.00 NOTE

Check Details

Version: 0.4-1.1
Check: dependencies in R code
Result: NOTE
    Packages in Depends field not imported from:
     'boot' 'lme4'
     These packages need to be imported from (in the NAMESPACE file)
     for when this namespace is loaded but not attached.
Flavors: r-devel-linux-x86_64-debian-clang, r-devel-linux-x86_64-debian-gcc, r-devel-linux-x86_64-fedora-clang, r-devel-linux-x86_64-fedora-gcc, r-devel-windows-ix86+x86_64, r-patched-linux-x86_64, r-patched-solaris-x86, r-release-linux-x86_64, r-release-osx-x86_64, r-release-windows-ix86+x86_64, r-oldrel-osx-x86_64, r-oldrel-windows-ix86+x86_64