Last updated on 2020-07-02 02:09:42 CEST.
Flavor | Version | Tinstall | Tcheck | Ttotal | Status | Flags |
---|---|---|---|---|---|---|
r-devel-linux-x86_64-debian-clang | 5.4 | 71.97 | 181.11 | 253.08 | OK | |
r-devel-linux-x86_64-debian-gcc | 5.4 | 49.20 | 135.11 | 184.31 | OK | |
r-devel-linux-x86_64-fedora-clang | 5.4 | 305.78 | NOTE | |||
r-devel-linux-x86_64-fedora-gcc | 5.4 | 293.71 | OK | |||
r-devel-windows-ix86+x86_64 | 5.4 | 161.00 | 233.00 | 394.00 | OK | |
r-patched-linux-x86_64 | 5.4 | 56.10 | 180.68 | 236.78 | OK | |
r-patched-solaris-x86 | 5.4 | 328.50 | OK | |||
r-release-linux-x86_64 | 5.4 | 56.46 | 181.88 | 238.34 | OK | |
r-release-osx-x86_64 | 5.4 | OK | ||||
r-release-windows-ix86+x86_64 | 5.4 | 123.00 | 240.00 | 363.00 | OK | |
r-oldrel-osx-x86_64 | 5.4 | OK | ||||
r-oldrel-windows-ix86+x86_64 | 5.4 | 135.00 | 326.00 | 461.00 | OK |
Version: 5.4
Check: Rd cross-references
Result: NOTE
Undeclared packages ‘phangorn’, ‘ade4’, ‘pegas’, ‘geiger’, ‘apTreeshape’ in Rd xrefs
Flavor: r-devel-linux-x86_64-fedora-clang