CRAN Package Check Results for Package apng

Last updated on 2020-07-02 02:09:42 CEST.

Flavor Version Tinstall Tcheck Ttotal Status Flags
r-devel-linux-x86_64-debian-clang 1.0 2.21 19.64 21.85 NOTE
r-devel-linux-x86_64-debian-gcc 1.0 1.63 15.60 17.23 NOTE
r-devel-linux-x86_64-fedora-clang 1.0 35.10 NOTE
r-devel-linux-x86_64-fedora-gcc 1.0 25.89 NOTE
r-devel-windows-ix86+x86_64 1.0 6.00 33.00 39.00 OK
r-patched-linux-x86_64 1.0 2.32 19.61 21.93 NOTE
r-patched-solaris-x86 1.0 40.40 NOTE
r-release-linux-x86_64 1.0 2.08 19.76 21.84 NOTE
r-release-osx-x86_64 1.0 OK
r-release-windows-ix86+x86_64 1.0 5.00 32.00 37.00 OK
r-oldrel-osx-x86_64 1.0 OK
r-oldrel-windows-ix86+x86_64 1.0 4.00 41.00 45.00 OK

Check Details

Version: 1.0
Check: for non-standard things in the check directory
Result: NOTE
    Found the following files/directories:
     '1.png' '2.png' 'output.png'
Flavors: r-devel-linux-x86_64-debian-clang, r-devel-linux-x86_64-debian-gcc, r-devel-linux-x86_64-fedora-clang, r-devel-linux-x86_64-fedora-gcc, r-patched-linux-x86_64, r-patched-solaris-x86, r-release-linux-x86_64