CRAN Package Check Results for Package arkdb

Last updated on 2020-07-02 02:09:42 CEST.

Flavor Version Tinstall Tcheck Ttotal Status Flags
r-devel-linux-x86_64-debian-clang 0.0.5 3.78 217.68 221.46 NOTE
r-devel-linux-x86_64-debian-gcc 0.0.5 2.70 168.88 171.58 NOTE
r-devel-linux-x86_64-fedora-clang 0.0.5 275.50 NOTE
r-devel-linux-x86_64-fedora-gcc 0.0.5 269.43 NOTE
r-devel-windows-ix86+x86_64 0.0.5 12.00 241.00 253.00 NOTE
r-patched-linux-x86_64 0.0.5 3.66 209.58 213.24 NOTE
r-patched-solaris-x86 0.0.5 350.80 NOTE
r-release-linux-x86_64 0.0.5 3.20 211.63 214.83 NOTE
r-release-osx-x86_64 0.0.5 NOTE
r-release-windows-ix86+x86_64 0.0.5 7.00 215.00 222.00 NOTE
r-oldrel-osx-x86_64 0.0.5 OK
r-oldrel-windows-ix86+x86_64 0.0.5 17.00 322.00 339.00 OK

Check Details

Version: 0.0.5
Check: package dependencies
Result: NOTE
    Package suggested but not available for checking: 'MonetDBLite'
Flavors: r-devel-linux-x86_64-debian-clang, r-devel-linux-x86_64-debian-gcc, r-devel-linux-x86_64-fedora-clang, r-devel-linux-x86_64-fedora-gcc, r-devel-windows-ix86+x86_64, r-patched-linux-x86_64, r-patched-solaris-x86, r-release-linux-x86_64, r-release-osx-x86_64, r-release-windows-ix86+x86_64