Last updated on 2020-07-02 02:09:42 CEST.
Flavor | Version | Tinstall | Tcheck | Ttotal | Status | Flags |
---|---|---|---|---|---|---|
r-devel-linux-x86_64-debian-clang | 3.2.0 | 56.85 | 283.82 | 340.67 | OK | |
r-devel-linux-x86_64-debian-gcc | 3.2.0 | 48.76 | 208.83 | 257.59 | OK | |
r-devel-linux-x86_64-fedora-clang | 3.2.0 | 407.49 | NOTE | |||
r-devel-linux-x86_64-fedora-gcc | 3.2.0 | 400.05 | OK | |||
r-devel-windows-ix86+x86_64 | 3.2.0 | 115.00 | 253.00 | 368.00 | NOTE | |
r-patched-linux-x86_64 | 3.2.0 | 55.13 | 284.12 | 339.25 | OK | |
r-patched-solaris-x86 | 3.2.0 | 478.60 | NOTE | |||
r-release-linux-x86_64 | 3.2.0 | 53.84 | 284.64 | 338.48 | OK | |
r-release-osx-x86_64 | 3.2.0 | ERROR | ||||
r-release-windows-ix86+x86_64 | 3.2.0 | 84.00 | 258.00 | 342.00 | NOTE | |
r-oldrel-osx-x86_64 | 3.2.0 | NOTE | ||||
r-oldrel-windows-ix86+x86_64 | 3.2.0 | 94.00 | 343.00 | 437.00 | NOTE |
Version: 3.2.0
Check: installed package size
Result: NOTE
installed size is 5.8Mb
sub-directories of 1Mb or more:
R 2.3Mb
help 1.1Mb
testScripts 1.3Mb
Flavors: r-devel-linux-x86_64-fedora-clang, r-devel-windows-ix86+x86_64, r-patched-solaris-x86, r-release-windows-ix86+x86_64, r-oldrel-osx-x86_64, r-oldrel-windows-ix86+x86_64
Version: 3.2.0
Check: package dependencies
Result: NOTE
Packages suggested but not available for checking: 'oligo', 'pdInfoBuilder'
Flavor: r-patched-solaris-x86
Version: 3.2.0
Check: Rd cross-references
Result: NOTE
Package unavailable to check Rd xrefs: ‘oligo’
Flavor: r-patched-solaris-x86
Version: 3.2.0
Check: package dependencies
Result: ERROR
Package required but not available: ‘aroma.core’
Packages suggested but not available for checking:
'aroma.light', 'pdInfoBuilder', 'AffymetrixDataTestFiles'
See section ‘The DESCRIPTION file’ in the ‘Writing R Extensions’
manual.
Flavor: r-release-osx-x86_64
Version: 3.2.0
Check: package dependencies
Result: NOTE
Package suggested but not available for checking: ‘AffymetrixDataTestFiles’
Flavor: r-oldrel-osx-x86_64