CRAN Package Check Results for Package arulesViz

Last updated on 2020-07-02 02:09:42 CEST.

Flavor Version Tinstall Tcheck Ttotal Status Flags
r-devel-linux-x86_64-debian-clang 1.3-3 16.38 140.76 157.14 OK
r-devel-linux-x86_64-debian-gcc 1.3-3 12.70 104.32 117.02 OK
r-devel-linux-x86_64-fedora-clang 1.3-3 192.45 OK
r-devel-linux-x86_64-fedora-gcc 1.3-3 182.85 OK
r-devel-windows-ix86+x86_64 1.3-3 59.00 209.00 268.00 OK
r-patched-linux-x86_64 1.3-3 15.29 136.20 151.49 OK
r-patched-solaris-x86 1.3-3 251.70 OK
r-release-linux-x86_64 1.3-3 13.86 136.08 149.94 OK
r-release-osx-x86_64 1.3-3 OK
r-release-windows-ix86+x86_64 1.3-3 31.00 144.00 175.00 OK
r-oldrel-osx-x86_64 1.3-3 NOTE
r-oldrel-windows-ix86+x86_64 1.3-3 37.00 205.00 242.00 OK

Check Details

Version: 1.3-3
Check: package dependencies
Result: NOTE
    Packages suggested but not available for checking: 'graph', 'Rgraphviz'
Flavor: r-oldrel-osx-x86_64