CRAN Package Check Results for Package auctestr

Last updated on 2020-07-02 02:09:43 CEST.

Flavor Version Tinstall Tcheck Ttotal Status Flags
r-devel-linux-x86_64-debian-clang 1.0.0 3.94 37.21 41.15 OK
r-devel-linux-x86_64-debian-gcc 1.0.0 3.39 28.40 31.79 OK
r-devel-linux-x86_64-fedora-clang 1.0.0 57.00 NOTE
r-devel-linux-x86_64-fedora-gcc 1.0.0 47.66 NOTE
r-devel-windows-ix86+x86_64 1.0.0 20.00 49.00 69.00 OK
r-patched-linux-x86_64 1.0.0 3.79 36.56 40.35 OK
r-patched-solaris-x86 1.0.0 72.60 NOTE
r-release-linux-x86_64 1.0.0 3.79 36.38 40.17 OK
r-release-osx-x86_64 1.0.0 NOTE
r-release-windows-ix86+x86_64 1.0.0 10.00 47.00 57.00 OK
r-oldrel-osx-x86_64 1.0.0 NOTE
r-oldrel-windows-ix86+x86_64 1.0.0 39.00 71.00 110.00 OK

Check Details

Version: 1.0.0
Check: dependencies in R code
Result: NOTE
    Namespace in Imports field not imported from: ‘tidyr’
     All declared Imports should be used.
Flavors: r-devel-linux-x86_64-fedora-clang, r-devel-linux-x86_64-fedora-gcc, r-patched-solaris-x86, r-release-osx-x86_64, r-oldrel-osx-x86_64