CRAN Package Check Results for Package barcode

Last updated on 2020-07-02 02:09:43 CEST.

Flavor Version Tinstall Tcheck Ttotal Status Flags
r-devel-linux-x86_64-debian-clang 1.1 2.09 22.99 25.08 NOTE
r-devel-linux-x86_64-debian-gcc 1.1 1.79 18.11 19.90 NOTE
r-devel-linux-x86_64-fedora-clang 1.1 39.01 NOTE
r-devel-linux-x86_64-fedora-gcc 1.1 30.10 NOTE
r-devel-windows-ix86+x86_64 1.1 8.00 34.00 42.00 NOTE
r-patched-linux-x86_64 1.1 2.15 23.13 25.28 NOTE
r-patched-solaris-x86 1.1 49.00 NOTE
r-release-linux-x86_64 1.1 2.45 23.21 25.66 NOTE
r-release-osx-x86_64 1.1 NOTE
r-release-windows-ix86+x86_64 1.1 6.00 37.00 43.00 NOTE
r-oldrel-osx-x86_64 1.1 NOTE
r-oldrel-windows-ix86+x86_64 1.1 5.00 48.00 53.00 NOTE

Check Details

Version: 1.1
Check: dependencies in R code
Result: NOTE
    'library' or 'require' calls to packages already attached by Depends:
     'grid' 'lattice'
     Please remove these calls from your code.
    Packages in Depends field not imported from:
     'grid' 'lattice'
     These packages need to be imported from (in the NAMESPACE file)
     for when this namespace is loaded but not attached.
Flavors: r-devel-linux-x86_64-debian-clang, r-devel-linux-x86_64-debian-gcc, r-devel-linux-x86_64-fedora-clang, r-devel-linux-x86_64-fedora-gcc, r-devel-windows-ix86+x86_64, r-patched-linux-x86_64, r-patched-solaris-x86, r-release-linux-x86_64, r-release-osx-x86_64, r-release-windows-ix86+x86_64, r-oldrel-osx-x86_64, r-oldrel-windows-ix86+x86_64

Version: 1.1
Check: R code for possible problems
Result: NOTE
    barcode: no visible global function definition for 'unit'
    barcode: no visible global function definition for 'grid.newpage'
    barcode: no visible global function definition for 'grid.text'
    barcode: no visible global function definition for 'gpar'
    barcode: no visible global function definition for 'pushViewport'
    barcode: no visible global function definition for 'viewport'
    barcode: no visible global function definition for 'convertHeight'
    barcode: no visible global function definition for 'convertWidth'
    barcode: no visible global function definition for 'grid.rect'
    barcode: no visible global function definition for 'popViewport'
    barcode.panel: no visible global function definition for 'unit'
    barcode.panel: no visible global function definition for 'hist'
    barcode.panel: no visible global function definition for 'pushViewport'
    barcode.panel: no visible global function definition for 'viewport'
    barcode.panel: no visible global function definition for 'grid.xaxis'
    barcode.panel: no visible global function definition for 'gpar'
    barcode.panel: no visible global function definition for 'grid.text'
    barcode.panel: no visible global function definition for 'popViewport'
    barcode.panel: no visible global function definition for
     'grid.segments'
    barcode.panel: no visible global function definition for 'grid.points'
    Undefined global functions or variables:
     convertHeight convertWidth gpar grid.newpage grid.points grid.rect
     grid.segments grid.text grid.xaxis hist popViewport pushViewport unit
     viewport
    Consider adding
     importFrom("graphics", "hist")
    to your NAMESPACE file.
Flavors: r-devel-linux-x86_64-debian-clang, r-devel-linux-x86_64-debian-gcc, r-devel-linux-x86_64-fedora-clang, r-devel-linux-x86_64-fedora-gcc, r-devel-windows-ix86+x86_64, r-patched-linux-x86_64, r-patched-solaris-x86, r-release-linux-x86_64, r-release-osx-x86_64, r-release-windows-ix86+x86_64, r-oldrel-osx-x86_64, r-oldrel-windows-ix86+x86_64

Version: 1.1
Check: Rd cross-references
Result: NOTE
    Undeclared package ‘YaleToolkit’ in Rd xrefs
Flavor: r-devel-linux-x86_64-fedora-clang