Last updated on 2020-07-02 02:09:43 CEST.
Flavor | Version | Tinstall | Tcheck | Ttotal | Status | Flags |
---|---|---|---|---|---|---|
r-devel-linux-x86_64-debian-clang | 0.1.3 | 476.49 | 323.06 | 799.55 | NOTE | |
r-devel-linux-x86_64-debian-gcc | 0.1.3 | 443.99 | 202.75 | 646.74 | NOTE | |
r-devel-linux-x86_64-fedora-clang | 0.1.3 | 1047.00 | NOTE | |||
r-devel-linux-x86_64-fedora-gcc | 0.1.3 | 1146.31 | NOTE | |||
r-devel-windows-ix86+x86_64 | 0.1.3 | 729.00 | 7.00 | 736.00 | ERROR | |
r-patched-linux-x86_64 | 0.1.3 | 0.02 | 3.06 | 3.08 | ERROR | |
r-patched-solaris-x86 | 0.1.3 | 1024.60 | NOTE | |||
r-release-linux-x86_64 | 0.1.3 | 0.02 | 3.22 | 3.24 | ERROR | |
r-release-osx-x86_64 | 0.1.3 | NOTE | ||||
r-release-windows-ix86+x86_64 | 0.1.3 | 175.00 | 6.00 | 181.00 | ERROR | |
r-oldrel-osx-x86_64 | 0.1.3 | NOTE | ||||
r-oldrel-windows-ix86+x86_64 | 0.1.3 | 821.00 | 647.00 | 1468.00 | NOTE |
Version: 0.1.3
Check: for GNU extensions in Makefiles
Result: NOTE
GNU make is a SystemRequirements.
Flavors: r-devel-linux-x86_64-debian-clang, r-devel-linux-x86_64-debian-gcc, r-devel-linux-x86_64-fedora-clang, r-devel-linux-x86_64-fedora-gcc, r-patched-solaris-x86, r-release-osx-x86_64, r-oldrel-osx-x86_64, r-oldrel-windows-ix86+x86_64
Version: 0.1.3
Check: installed package size
Result: NOTE
installed size is 84.9Mb
sub-directories of 1Mb or more:
libs 84.0Mb
Flavors: r-devel-linux-x86_64-fedora-clang, r-patched-solaris-x86, r-release-osx-x86_64, r-oldrel-osx-x86_64, r-oldrel-windows-ix86+x86_64
Version: 0.1.3
Check: whether package can be installed
Result: ERROR
Installation failed.
Flavors: r-devel-windows-ix86+x86_64, r-patched-linux-x86_64, r-release-linux-x86_64, r-release-windows-ix86+x86_64