Last updated on 2020-07-02 02:09:43 CEST.
Flavor | Version | Tinstall | Tcheck | Ttotal | Status | Flags |
---|---|---|---|---|---|---|
r-devel-linux-x86_64-debian-clang | 1.0.1 | 3.74 | 39.10 | 42.84 | OK | |
r-devel-linux-x86_64-debian-gcc | 1.0.1 | 3.67 | 30.54 | 34.21 | OK | |
r-devel-linux-x86_64-fedora-clang | 1.0.1 | 60.68 | NOTE | |||
r-devel-linux-x86_64-fedora-gcc | 1.0.1 | 52.20 | NOTE | |||
r-devel-windows-ix86+x86_64 | 1.0.1 | 15.00 | 67.00 | 82.00 | NOTE | |
r-patched-linux-x86_64 | 1.0.1 | 4.80 | 38.54 | 43.34 | OK | |
r-patched-solaris-x86 | 1.0.1 | 75.30 | OK | |||
r-release-linux-x86_64 | 1.0.1 | 4.48 | 39.42 | 43.90 | OK | |
r-release-osx-x86_64 | 1.0.1 | OK | ||||
r-release-windows-ix86+x86_64 | 1.0.1 | 10.00 | 67.00 | 77.00 | NOTE | |
r-oldrel-osx-x86_64 | 1.0.1 | OK | ||||
r-oldrel-windows-ix86+x86_64 | 1.0.1 | 9.00 | 101.00 | 110.00 | NOTE |
Version: 1.0.1
Check: compiled code
Result: NOTE
File ‘bayesloglin/libs/bayesloglin.so’:
Found no calls to: ‘R_registerRoutines’, ‘R_useDynamicSymbols’
It is good practice to register native routines and to disable symbol
search.
See ‘Writing portable packages’ in the ‘Writing R Extensions’ manual.
Flavors: r-devel-linux-x86_64-fedora-clang, r-devel-linux-x86_64-fedora-gcc
Version: 1.0.1
Check: DESCRIPTION meta-information
Result: NOTE
NeedsCompilation field should likely be 'yes'
Flavors: r-devel-windows-ix86+x86_64, r-release-windows-ix86+x86_64, r-oldrel-windows-ix86+x86_64