CRAN Package Check Results for Package bcdata

Last updated on 2020-07-02 02:09:43 CEST.

Flavor Version Tinstall Tcheck Ttotal Status Flags
r-devel-linux-x86_64-debian-clang 0.2.0 8.79 74.32 83.11 OK
r-devel-linux-x86_64-debian-gcc 0.2.0 7.47 56.08 63.55 OK
r-devel-linux-x86_64-fedora-clang 0.2.0 107.61 NOTE
r-devel-linux-x86_64-fedora-gcc 0.2.0 96.07 OK
r-devel-windows-ix86+x86_64 0.2.0 26.00 119.00 145.00 OK
r-patched-linux-x86_64 0.2.0 8.10 71.93 80.03 OK
r-patched-solaris-x86 0.2.0 136.80 OK
r-release-linux-x86_64 0.2.0 7.17 71.76 78.93 OK
r-release-osx-x86_64 0.2.0 OK
r-release-windows-ix86+x86_64 0.2.0 27.00 136.00 163.00 OK
r-oldrel-osx-x86_64 0.2.0 OK
r-oldrel-windows-ix86+x86_64 0.2.0 16.00 88.00 104.00 OK

Check Details

Version: 0.2.0
Check: Rd cross-references
Result: NOTE
    Undeclared package ‘magrittr’ in Rd xrefs
Flavor: r-devel-linux-x86_64-fedora-clang